{"id":1587,"date":"2021-02-24T10:38:17","date_gmt":"2021-02-24T09:38:17","guid":{"rendered":"https:\/\/www.frantiskani.cz\/?page_id=1587"},"modified":"2025-10-28T08:12:28","modified_gmt":"2025-10-28T07:12:28","slug":"modlitebni-skupina-ruah","status":"publish","type":"page","link":"https:\/\/www.frantiskani.cz\/index.php\/modlitebni-skupina-ruah\/","title":{"rendered":"P\u0159\u00edmluvn\u00e9 modlitby -Modlitebn\u00ed skupina za druh\u00e9 Ruah"},"content":{"rendered":"\n<p>Modlitebn\u00ed skupinu Ruah, zalo\u017eila franti\u0161k\u00e1nka Hana Brigita Reichsfeld OFS ve Vesel\u00ed nad Moravou. Hebrejsk\u00e9 slovo Ruah je ozna\u010den\u00ed Ducha svat\u00e9ho. Do modlitebn\u00ed skupiny na <a href=\"https:\/\/www.vychodni-morava.cz\/cil\/1532\">Sv. Anton\u00ednku na Blatnick\u00e9 ho\u0159e<\/a> se p\u0159idalo u\u017e i n\u011bkolik \u010dlen\u016f Sekul\u00e1rn\u00edho franti\u0161k\u00e1nsk\u00e9ho \u0159\u00e1du. Ka\u017ed\u00fd kdo by cht\u011bl p\u0159isp\u00edvat p\u0159\u00edmluvnou modlitbou, m\u016f\u017ee&nbsp; <strong><a href=\"https:\/\/www.frantiskani.cz\/index.php\/contact\/\">napsat na n\u00e1\u0161 web<\/a>. <\/strong>Pi\u0161te i sv\u00e9 prosby za co se m\u00e1me modlit.<\/p>\n\n\n\n<h4 class=\"wp-block-heading\">Dopis zakladatelky modlitebn\u00ed skupiny Ruah<\/h4>\n\n\n\n<p>Draz\u00ed brat\u0159i a sestry,&nbsp;<br>p\u0159edn\u011b V\u00e1m p\u0159eji po\u017eehnan\u00fd Velikono\u010dn\u00ed okt\u00e1v, radost s P\u00e1nem, v\u011b\u010dn\u011b \u017eiv\u00fdm!<br>D\u011bkuji V\u00e1m, \u017ee jste p\u0159ijali pozv\u00e1n\u00ed a p\u0159ipojujete se ke spole\u010denstv\u00ed p\u0159\u00edmluvc\u016f na Svat\u00e9m Anton\u00ednku. Je n\u00e1s v sou\u010dasn\u00e9 dob\u011b 39 z 20 r\u016fzn\u00fdch m\u00edst v \u010cR.&nbsp;<\/p>\n\n\n\n<blockquote class=\"wp-block-quote is-layout-flow wp-block-quote-is-layout-flow\">\n<p><em>\u201eNa tv\u00fdch hradb\u00e1ch, Jeruzal\u00e9me, jsem ustanovil str\u00e1\u017ece, po cel\u00fd den a po celou noc a\u0165 nikdy nejsou zticha.<\/em> <em>Vy, kte\u0159\u00ed p\u0159ipom\u00edn\u00e1te Hospodina, nedop\u0159\u00e1vejte si klidu!<\/em> <em>Nedop\u0159\u00e1vejte mu klidu, dokud neobnov\u00ed Jeruzal\u00e9m,<\/em> <em>dokud mu nevr\u00e1t\u00ed v&nbsp;zemi chvalozp\u011bv.\u201c&nbsp; <strong>Iz 62, 6-7<\/strong><\/em><\/p>\n<\/blockquote>\n\n\n\n<p>V&nbsp;jedn\u00e9 p\u00edsni se zp\u00edv\u00e1: \u201cPonesu tv\u016fj lid ve sv\u00e9m srdci.\u201c V&nbsp;tom spo\u010d\u00edv\u00e1 podstata p\u0159\u00edmluvn\u00e9 modlitby. V&nbsp;p\u0159\u00edmluvn\u00e9 modlitb\u011b p\u0159ij\u00edm\u00e1me ve v\u00ed\u0159e postoj vzk\u0159\u00ed\u0161en\u00e9ho Krista. Kdo si um\u00ed p\u0159edstavit, co m\u016f\u017ee B\u016fh vykonat skrze jednoho v\u011brn\u00e9ho, kter\u00fd je ochoten se p\u0159imlouvat p\u0159ed jeho tv\u00e1\u0159\u00ed?&nbsp; Jak n\u00e1m napsal n\u00e1rodn\u00ed ministr bratr Lubo\u0161 Franti\u0161ek Kolafa \u2013 silnou p\u0159\u00edmluvnou modlitbou je modlitba \u201eOt\u010de n\u00e1\u0161\u201c.&nbsp;<\/p>\n\n\n\n<h4 class=\"wp-block-heading\">Forma modlitby<\/h4>\n\n\n\n<p><strong>Ka\u017ed\u00fd si m\u016f\u017eeme zvolit formu<\/strong> modlitby n\u00e1m bl\u00edzkou- a\u0165 u\u017e to bude modlitba r\u016f\u017eence, d\u00edk\u016f, chval, uct\u00edv\u00e1n\u00ed, prosby, vyzn\u00e1v\u00e1n\u00ed, naslouch\u00e1n\u00ed. N\u011bkdy to m\u016f\u017ee b\u00fdt modlitba beze slov, modlitba tich\u00e1. Nejde o mno\u017estv\u00ed slov, jde o postoj na\u0161eho srdce, o na\u0161e nastaven\u00ed, v\u011bdom\u00ed si toho, k\u00fdm jsem jako p\u0159\u00edmluvce \u2013 jsem str\u00e1\u017ecem na \u201ejeruzal\u00e9msk\u00fdch hradb\u00e1ch\u201c, v\u017edy pohotov\u00fd k modlitb\u011b, k obr\u00e1cen\u00ed sv\u00e9ho pohledu na P\u00e1na\u2026po procitnut\u00ed \u2013 d\u00e1v\u00e1m ti, Pane, v\u0161echny, kdo n\u00e1s pros\u00ed o modlitbu a d\u00e1v\u00e1m ti v\u0161e, o\u010d oni pros\u00ed\u2026b\u011bhem dne kdykoliv m\u00e1m vte\u0159inku \u2013 d\u00e1v\u00e1m ti, Pane, v\u0161echny ty bli\u017en\u00ed a jejich prosby\u2026p\u0159i m\u0161i svat\u00e9 \u2013 kladu je, Pane, na tv\u016fj olt\u00e1\u0159 k prom\u011bn\u011bn\u00ed\u2026modlitba brevi\u00e1\u0159e \u2013 d\u00e1v\u00e1m ti je, Pane\u2026modlitba r\u016f\u017eence \u2013 d\u00e1v\u00e1m ti je, Pane\u2026modlitba pok\u00e1n\u00ed po sv\u00e1tosti sm\u00ed\u0159en\u00ed \u2013 d\u00e1v\u00e1m ti je, Pane\u2026p\u0159ed usnut\u00edm \u2013 d\u00e1v\u00e1m ti je, Pane\u2026tak\u00e9 sv\u00e9 bolesti, tr\u00e1pen\u00ed, nemoc, utrpen\u00ed, v\u0161e ob\u011btuji, Pane\u2026 D\u016fle\u017eit\u00e1 je modlitba za sebe sama a za p\u0159\u00edmluvce navz\u00e1jem, tak z\u016fst\u00e1v\u00e1me trvale propojen\u00ed&nbsp;a spojen\u00ed&nbsp;v jednom Duchu\u2026Nezapome\u0148te tedy na sebe a vlo\u017ete duchovn\u011b prosbu do d\u017eb\u00e1nu za sebe a va\u0161e rodiny, drah\u00e9, bl\u00edzk\u00e9. V na\u0161ich spole\u010dn\u00fdch modlitb\u00e1ch jsme tak v\u0161ichni \u010dlenov\u00e9 RUAH a na\u0161e rodiny!<\/p>\n\n\n\n<h4 class=\"wp-block-heading\">M\u0161e svat\u00e9 na \u00famysl<\/h4>\n\n\n\n<p class=\"has-vivid-red-color has-text-color\">K p\u0159\u00edmluvn\u00fdm modlitb\u00e1m bychom r\u00e1di p\u0159idali to nejcenn\u011bj\u0161\u00ed \u2013 <strong>m\u0161e svat\u00e9 na tento \u00famysl:&nbsp;<\/strong><em>Za vysly\u0161en\u00ed proseb vlo\u017een\u00fdch do d\u017eb\u00e1nu na Svat\u00e9m Anton\u00ednku a za Bo\u017e\u00ed po\u017eehn\u00e1n\u00ed a ochranu pro p\u0159\u00edmluvce spole\u010denstv\u00ed RUAH a jejich rodiny.&nbsp;<\/em>Zde v\u00e1s velmi pros\u00edme o spolupr\u00e1ci \u2013 pokud se v\u00e1m poda\u0159\u00ed domluvit slou\u017een\u00ed m\u0161e svat\u00e9, napi\u0161te mn\u011b, na jak\u00e9m m\u00edst\u011b, v kter\u00e9m kostele a datum a \u010das kon\u00e1n\u00ed m\u0161e svat\u00e9. D\u00e1m v\u011bd\u011bt p\u0159\u00edmluvc\u016fm a budeme se duchovn\u011b spojovat na d\u00e1lku.&nbsp;<\/p>\n\n\n\n<p>Va\u0161e osobn\u00ed prosby, prosby va\u0161ich p\u0159\u00e1tel a zn\u00e1m\u00fdch, prosby je\u017e se k v\u00e1m dostanou z va\u0161eho okol\u00ed, ty v\u0161echny m\u016f\u017eete pos\u00edlat p\u0159es franti\u0161k\u00e1nsk\u00fd web:&nbsp;<a href=\"https:\/\/www.frantiskani.cz\/index.php\/frantiskanska-rodina\/\">https:\/\/www.frantiskani.cz\/index.php\/frantiskanska-rodina\/<\/a>&nbsp;Vpravo najdete v r\u00e1me\u010dku \u201eprosba o modlitbu\u201c, po rozkliknut\u00ed m\u016f\u017eete napsat prosbu.<\/p>\n\n\n\n<p>Prosby m\u016f\u017eete pos\u00edlat tak\u00e9 na e-mail:&nbsp;<a href=\"mailto:romana.ryskova@centrum.cz\">romana.ryskova@centrum.cz<\/a>. Pan\u00ed Romana je \u010dlenkou RUAH, tak\u00e9 u\u010ditelkou z Hluku a p\u0159ijala slu\u017ebu sb\u00edr\u00e1n\u00ed proseb emailem. Prosby budou p\u0159id\u00e1ny k t\u011bm ve d\u017eb\u00e1nu a v\u017edy po 1. sobot\u011b v m\u011bs\u00edci bude seznam nov\u00fdch proseb rozesl\u00e1n v\u0161em p\u0159\u00edmluvc\u016fm. Po ur\u010dit\u00e9 dob\u011b se v\u0161echny napsan\u00e9 \u00famysly ob\u0159adn\u011b sp\u00e1l\u00ed ve venkovn\u00edm are\u00e1lu na Svat\u00e9m Anton\u00ednku a kou\u0159 stoup\u00e1 vzh\u016fru k nebi\u2026<\/p>\n\n\n\n<p>Spole\u010denstv\u00ed RUAH se sjednocuje ve sv\u00fdch modlitb\u00e1ch a pros\u00ed o vysly\u0161en\u00ed intenc\u00ed na p\u0159\u00edmluvu P. Anton\u00edna \u0160ur\u00e1nka, kter\u00fd je kandid\u00e1tem blaho\u0159e\u010den\u00ed. M\u016f\u017eete si o n\u011bm p\u0159e\u010d\u00edst na:&nbsp;&nbsp;<a href=\"https:\/\/www.ado.cz\/arcidieceze\/kandidati-na-blahoreceni\/antonin-suranek-2\/\">https:\/\/www.ado.cz\/arcidieceze\/kandidati-na-blahoreceni\/antonin-suranek-2\/<\/a><\/p>\n\n\n\n<h4 class=\"wp-block-heading\"><strong>Weby s modlitbami<\/strong><\/h4>\n\n\n\n<ul class=\"wp-block-list\">\n<li><a href=\"https:\/\/www.pastorace.cz\/tematicke-texty\/zakladni-modlitby\">https:\/\/www.pastorace.cz\/tematicke-texty\/zakladni-modlitby<\/a><\/li>\n\n\n\n<li><a href=\"https:\/\/www.modlitba.cz\/modlitba-v-zivote\/seznam-modliteb\/zakladni-modlitby\">https:\/\/www.modlitba.cz\/modlitba-v-zivote\/seznam-modliteb\/zakladni-modlitby<\/a><\/li>\n\n\n\n<li><a href=\"https:\/\/www.pastorace.cz\/tematicke-texty\/zakladni-modlitby\">https:\/\/www.pastorace.cz\/tematicke-texty\/zakladni-modlitby<\/a><\/li>\n\n\n\n<li><strong><a href=\"https:\/\/www.vaticannews.va\/cs\/papez-frantisek\/angelus.html\">Angelus \u2013 And\u011bl P\u00e1n\u011b<\/a><\/strong><\/li>\n\n\n\n<li><\/li>\n<\/ul>\n\n\n\n<p><\/p>\n","protected":false},"excerpt":{"rendered":"<p>V jedn\u00e9 p\u00edsni se zp\u00edv\u00e1: \u201cPonesu tv\u016fj lid ve sv\u00e9m srdci.\u201c V tom spo\u010d\u00edv\u00e1 podstata p\u0159\u00edmluvn\u00e9 modlitby. V p\u0159\u00edmluvn\u00e9 modlitb\u011b p\u0159ij\u00edm\u00e1me ve v\u00ed\u0159e postoj vzk\u0159\u00ed\u0161en\u00e9ho Krista<\/p>\n","protected":false},"author":1,"featured_media":2314,"parent":0,"menu_order":0,"comment_status":"closed","ping_status":"closed","template":"","meta":{"footnotes":""},"class_list":["post-1587","page","type-page","status-publish","has-post-thumbnail","hentry","latest_post"],"_links":{"self":[{"href":"https:\/\/www.frantiskani.cz\/index.php\/wp-json\/wp\/v2\/pages\/1587","targetHints":{"allow":["GET"]}}],"collection":[{"href":"https:\/\/www.frantiskani.cz\/index.php\/wp-json\/wp\/v2\/pages"}],"about":[{"href":"https:\/\/www.frantiskani.cz\/index.php\/wp-json\/wp\/v2\/types\/page"}],"author":[{"embeddable":true,"href":"https:\/\/www.frantiskani.cz\/index.php\/wp-json\/wp\/v2\/users\/1"}],"replies":[{"embeddable":true,"href":"https:\/\/www.frantiskani.cz\/index.php\/wp-json\/wp\/v2\/comments?post=1587"}],"version-history":[{"count":27,"href":"https:\/\/www.frantiskani.cz\/index.php\/wp-json\/wp\/v2\/pages\/1587\/revisions"}],"predecessor-version":[{"id":13239,"href":"https:\/\/www.frantiskani.cz\/index.php\/wp-json\/wp\/v2\/pages\/1587\/revisions\/13239"}],"wp:featuredmedia":[{"embeddable":true,"href":"https:\/\/www.frantiskani.cz\/index.php\/wp-json\/wp\/v2\/media\/2314"}],"wp:attachment":[{"href":"https:\/\/www.frantiskani.cz\/index.php\/wp-json\/wp\/v2\/media?parent=1587"}],"curies":[{"name":"wp","href":"https:\/\/api.w.org\/{rel}","templated":true}]}}