{"id":13847,"date":"2026-01-22T09:28:14","date_gmt":"2026-01-22T08:28:14","guid":{"rendered":"https:\/\/www.frantiskani.cz\/?post_type=tribe_events&#038;p=13847"},"modified":"2026-02-27T10:42:33","modified_gmt":"2026-02-27T09:42:33","slug":"oblastni-pout-na-svatou-horu-pribram-8-5-2026","status":"publish","type":"tribe_events","link":"https:\/\/www.frantiskani.cz\/index.php\/event\/oblastni-pout-na-svatou-horu-pribram-8-5-2026\/","title":{"rendered":"Oblastn\u00ed pou\u0165 na Svatou Horu P\u0159\u00edbram 8.5.2026"},"content":{"rendered":"<p>Tradi\u010dn\u00ed pou\u0165 za\u010d\u00edn\u00e1 m\u0161\u00ed v 10 hodin v Bazilice. Po\u0159\u00e1d\u00e1 MBS Su\u0161ice.<\/p>\n<p>mobil 736 514 497 Jitka Pol\u00edvkov\u00e1<\/p>\n<p>&nbsp;<\/p>\n<p><a href=\"https:\/\/www.frantiskani.cz\/index.php\/event\/oblastni-pout-na-svatou-horu-pribram-8-5-2026\/oblast-put-pribram-26\/\" rel=\"attachment wp-att-14052\">pou\u0165 Svat\u00e1 Hora 8.5.2026<\/a><\/p>\n<figure id=\"attachment_14054\" aria-describedby=\"caption-attachment-14054\" style=\"width: 720px\" class=\"wp-caption alignnone\"><a href=\"https:\/\/www.frantiskani.cz\/index.php\/event\/oblastni-pout-na-svatou-horu-pribram-8-5-2026\/obrazek-27-02-2026-v-10-40\/\" rel=\"attachment wp-att-14054\"><img loading=\"lazy\" decoding=\"async\" class=\"size-large wp-image-14054\" src=\"data:image\/gif;base64,R0lGODlhAQABAAAAACH5BAEKAAEALAAAAAABAAEAAAICTAEAOw==\" data-layzr=\"https:\/\/www.frantiskani.cz\/wp-content\/uploads\/2026\/01\/Obrazek-27.02.2026-v-10.40-720x1024.png\" alt=\"pou\u0165 Svat\u00e1 Hora 8.5.2026\" width=\"720\" height=\"1024\" \/><\/a><figcaption id=\"caption-attachment-14054\" class=\"wp-caption-text\">pou\u0165 Svat\u00e1 Hora 8.5.2026<\/figcaption><\/figure>\n","protected":false},"excerpt":{"rendered":"<p>Tradi\u010dn\u00ed pou\u0165 za\u010d\u00edn\u00e1 m\u0161\u00ed v 10 hodin v Bazilice. Po\u0159\u00e1d\u00e1 MBS Su\u0161ice. mobil 736 514 497 Jitka Pol\u00edvkov\u00e1 &nbsp; pou\u0165 &hellip; <\/p>\n","protected":false},"author":1,"featured_media":0,"template":"","meta":{"_tribe_events_status":"","_tribe_events_status_reason":"","footnotes":""},"tags":[208,2539,2497],"tribe_events_cat":[2429],"class_list":["post-13847","tribe_events","type-tribe_events","status-publish","hentry","tag-pout","tag-pribram","tag-svata-hora","tribe_events_cat-mbs-akce","cat_mbs-akce","latest_post"],"_links":{"self":[{"href":"https:\/\/www.frantiskani.cz\/index.php\/wp-json\/wp\/v2\/tribe_events\/13847","targetHints":{"allow":["GET"]}}],"collection":[{"href":"https:\/\/www.frantiskani.cz\/index.php\/wp-json\/wp\/v2\/tribe_events"}],"about":[{"href":"https:\/\/www.frantiskani.cz\/index.php\/wp-json\/wp\/v2\/types\/tribe_events"}],"author":[{"embeddable":true,"href":"https:\/\/www.frantiskani.cz\/index.php\/wp-json\/wp\/v2\/users\/1"}],"version-history":[{"count":3,"href":"https:\/\/www.frantiskani.cz\/index.php\/wp-json\/wp\/v2\/tribe_events\/13847\/revisions"}],"predecessor-version":[{"id":14055,"href":"https:\/\/www.frantiskani.cz\/index.php\/wp-json\/wp\/v2\/tribe_events\/13847\/revisions\/14055"}],"wp:attachment":[{"href":"https:\/\/www.frantiskani.cz\/index.php\/wp-json\/wp\/v2\/media?parent=13847"}],"wp:term":[{"taxonomy":"post_tag","embeddable":true,"href":"https:\/\/www.frantiskani.cz\/index.php\/wp-json\/wp\/v2\/tags?post=13847"},{"taxonomy":"tribe_events_cat","embeddable":true,"href":"https:\/\/www.frantiskani.cz\/index.php\/wp-json\/wp\/v2\/tribe_events_cat?post=13847"}],"curies":[{"name":"wp","href":"https:\/\/api.w.org\/{rel}","templated":true}]}}

Oblastní pouť na Svatou Horu Příbram 8.5.2026

<p>Tradiční pouť začíná mší v 10 hodin v Bazilice. Pořádá MBS Sušice.</p>
<p>mobil 736 514 497 Jitka Polívková</p>
<p>&nbsp;</p>
<p><a href="https://www.frantiskani.cz/index.php/event/oblastni-pout-na-svatou-horu-pribram-8-5-2026/oblast-put-pribram-26/" rel="attachment wp-att-14052">pouť Svatá Hora 8.5.2026</a></p>
<figure id="attachment_14054" aria-describedby="caption-attachment-14054" style="width: 720px" class="wp-caption alignnone"><a href="https://www.frantiskani.cz/index.php/event/oblastni-pout-na-svatou-horu-pribram-8-5-2026/obrazek-27-02-2026-v-10-40/" rel="attachment wp-att-14054"><img loading="lazy" decoding="async" class="size-large wp-image-14054" src="data:image/gif;base64,R0lGODlhAQABAAAAACH5BAEKAAEALAAAAAABAAEAAAICTAEAOw==" data-layzr="https://www.frantiskani.cz/wp-content/uploads/2026/01/Obrazek-27.02.2026-v-10.40-720x1024.png" alt="pouť Svatá Hora 8.5.2026" width="720" height="1024" /></a><figcaption id="caption-attachment-14054" class="wp-caption-text">pouť Svatá Hora 8.5.2026</figcaption></figure>

<p>Tradiční pouť začíná mší v 10 hodin v Bazilice. Pořádá MBS Sušice. mobil 736 514 497 Jitka Polívková &nbsp; pouť &hellip; </p>
